mmon factor of 1161 and 516?
129
What is the greatest common factor of 7900 and 75?
25
Calculate the highest common divisor of 2178 and 1881.
99
Calculate the highest common divisor of 414 and 36.
18
What is the highest common divisor of 285 and 375?
15
Calculate the highest common factor of 1 and 347.
1
Calculate the highest common divisor of 14 and 2569.
7
Calculate the greatest common divisor of 14 and 2422.
14
Calculate the greatest common factor of 76 and 15276.
76
Calculate the highest common factor of 1005 and 268.
67
What is the greatest common factor of 1562 and 143?
11
What is the highest common divisor of 147 and 637?
49
What is the greatest common factor of 2376 and 13992?
264
What is the greatest common factor of 66 and 1606?
22
What is the highest common divisor of 180 and 27630?
90
Calculate the greatest common divisor of 24 and 78.
6
Calculate the highest common divisor of 112 and 56.
56
What is the highest common factor of 6864 and 99?
33
Calculate the greatest common divisor of 624 and 273.
39
Calculate the highest common divisor of 3772 and 2788.
164
What is the greatest common divisor of 315 and 11565?
45
What is the greatest common divisor of 516 and 12900?
516
Calculate the greatest common factor of 145 and 58.
29
Calculate the greatest common factor of 1862 and 114.
38
What is the highest common factor of 606 and 234?
6
Calculate the highest common divisor of 287 and 164.
41
What is the highest common divisor of 200 and 8?
8
What is the highest common divisor of 95 and 3?
1
Calculate the greatest common divisor of 3884 and 4.
4
Calculate the highest common factor of 6109 and 123.
41
Calculate the greatest common divisor of 100 and 160.
20
Calculate the highest common divisor of 291 and 291.
291
Calculate the highest common factor of 54 and 36.
18
Calculate the highest common factor of 100338 and 42.
42
What is the highest common factor of 6406 and 2?
2
What is the highest common divisor of 19 and 97?
1
What is the highest common divisor of 23 and 1?
1
What is the highest common factor of 2106 and 26?
26
What is the greatest common factor of 552 and 300?
12
Calculate the greatest common divisor of 162 and 54.
54
Calculate the highest common divisor of 798 and 28.
14
What is the greatest common divisor of 24 and 5064?
24
What is the highest common divisor of 123 and 3?
3
What is the highest common divisor of 59 and 472?
59
Calculate the greatest common divisor of 54 and 387.
9
Calculate the greatest common divisor of 30 and 55.
5
Calculate the highest common factor of 1384 and 173.
173
Calculate the greatest common divisor of 57 and 3.
3
Calculate the highest common divisor of 1833 and 26.
13
Calculate the greatest common divisor of 159 and 2120.
53
What is the highest common factor of 6 and 6339?
3
Calculate the greatest common factor of 273 and 21.
21
What is the greatest common factor of 2725 and 175?
25
Calculate the highest common factor of 130 and 6045.
65
Calculate the highest common divisor of 12 and 156.
12
What is the highest common factor of 77 and 88?
11
Calculate the highest common factor of 9 and 2178.
9
Calculate the highest common divisor of 16513 and 147.
49
Calculate the highest common divisor of 740 and 180.
20
Calculate the highest common factor of 102 and 66147.
51
Calculate the highest common divisor of 2706 and 1230.
246
What is the highest common factor of 27 and 28?
1
What is the greatest common factor of 2505 and 15?
15
Calculate the highest common factor of 220 and 385.
55
What is the greatest common factor of 46 and 14720?
46
What is the greatest common divisor of 372 and 36?
12
Calculate the highest common factor of 39 and 9.
3
What is the greatest common factor of 72 and 18?
18
Calculate the greatest common divisor of 77 and 726.
11
Calculate the highest common divisor of 7004 and 5768.
412
What is the highest common divisor of 210 and 18?
6
What is the greatest common divisor of 867 and 51?
51
Calculate the greatest common factor of 6 and 402.
6
What is the greatest common factor of 18 and 8703?
9
Calculate the greatest common factor of 4 and 11060.
4
Calculate the highest common factor of 116 and 8990.
58
What is the highest common factor of 2040 and 960?
120
What is the highest common divisor of 47 and 94?
47
What is the greatest common factor of 3275 and 25?
25
What is the greatest common factor of 1742 and 26?
26
Calculate the highest common divisor of 533 and 39.
13
Calculate the highest common divisor of 3953 and 59.
59
What is the greatest common factor of 216 and 6723?
27
Calculate the highest common divisor of 60 and 905.
5
What is the highest common divisor of 15064 and 112?
56
Calculate the highest common factor of 4775 and 3247.
191
Calculate the greatest common divisor of 15 and 471.
3
Calculate the greatest common divisor of 2337 and 532.
19
What is the highest common factor of 408 and 192?
24
Calculate the highest common factor of 428 and 8.
4
What is the greatest common divisor of 24784 and 32?
16
What is the greatest common factor of 15352 and 101?
101
Calculate the greatest common factor of 1043 and 280.
7
Calculate the greatest common factor of 1007 and 57.
19
Calculate the greatest common factor of 627 and 11.
11
What is the greatest common factor of 213 and 1136?
71
What is the highest common divisor of 21804 and 230?
46
What is the highest common divisor of 1125 and 1200?
75
What is the highest common divisor of 4 and 2308?
4
Calculate the highest common factor of 403 and 31.
31
What is the highest common factor of 6 and 69?
3
What is the highest common factor of 102438 and 9?
9
Calculate the highest common factor of 441 and 49.
49
What is the greatest common factor of 1144 and 88?
88
Calculate the greatest common divisor of 2158 and 858.
26
Calculate the greatest common divisor of 473 and 86.
43
Calculate the highest common factor of 16 and 2608.
16
Calculate the highest common factor of 700 and 42.
14
What is the greatest common factor of 2924 and 238?
34
What is the highest common divisor of 812 and 1044?
116
What is the highest common divisor of 200 and 16?
8
What is the highest common factor of 1160 and 18?
2
Calculate the highest common factor of 162 and 24.
6
Calculate the greatest common divisor of 376 and 8.
8
What is the greatest common factor of 30 and 930?
30
What is the greatest common divisor of 1628 and 148?
148
Calculate the greatest common divisor of 15 and 120.
15
Calculate the greatest common factor of 182 and 130.
26
Calculate the greatest common factor of 1110 and 60.
30
Calculate the highest common divisor of 212 and 20.
4
What is the highest common factor of 192 and 160?
32
What is the highest common factor of 21 and 14?
7
What is the highest common divisor of 285 and 780?
15
What is the highest common divisor of 740 and 296?
148
Calculate the greatest common divisor of 123 and 7503.
123
What is the highest common divisor of 9480 and 30?
30
Calculate the greatest common divisor of 918 and 108.
54
What is the highest common divisor of 129 and 946?
43
Calculate the highest common divisor of 46 and 6601.
23
What is the highest common factor of 20 and 460?
20
Calculate the highest common factor of 26 and 793.
13
What is the greatest common divisor of 68 and 448?
4
What is the highest common divisor of 72 and 18504?
72
What is the greatest common divisor of 39 and 3185?
13
What is the greatest common factor of 27 and 27?
27
What is the highest common factor of 99 and 1485?
99
What is the highest common divisor of 45 and 639?
9
What is the greatest common factor of 2 and 86?
2
Calculate the highest common factor of 944 and 295.
59
Calculate the greatest common factor of 256 and 16.
16
Calculate the greatest common factor of 70 and 8890.
70
What is the greatest common divisor of 1 and 179?
1
What is the greatest common divisor of 360 and 39420?
180
Calculate the greatest common factor of 98 and 266.
14
Calculate the highest common divisor of 84 and 132.
12
Calculate the highest common factor of 14 and 1162.
14
Calculate the greatest common factor of 22 and 1474.
22
What is the highest common divisor of 4050 and 1080?
270
What is the greatest common divisor of 17 and 2210?
17
Calculate the highest common divisor of 575 and 92.
23
Calculate the greates